d 16.
16
Suppose 0 = -2*g - 7 + 23. Let t = g + 7. Let r = 234 - 114. What is the highest common factor of r and t?
15
Let r be (-5)/(-10)*1*-2. Let z be 7 + -2*1 - r. Suppose 3*n = z - 0. Calculate the greatest common divisor of 5 and n.
1
Let j(i) = 15*i**3 - 2*i**2 - i - 2*i**2 - i**2 + 3*i**2. Let l be j(2). What is the highest common divisor of 10 and l?
10
Let a be (3 + (-5 - -3))/1. Suppose -b - 3*w = -3, 0 = -5*w - a - 4. What is the highest common divisor of b and 18?
6
Suppose 3*i + 0*k - 4*k = 211, k = 3*i - 226. Let u(y) = 3*y + 13. Let j be u(-13). Let f = 37 + j. What is the highest common divisor of i and f?
11
Suppose 8*n - 4 = 7*n. Suppose -n*f + 9 = -7*f. Let k be (9/6)/(f/(-168)). Calculate the greatest common factor of k and 12.
12
Let p = -30 + 51. Let l(u) = -u**2 - 6*u + 2. Let b be l(-5). What is the greatest common factor of b and p?
7
Let i be 22/((-4)/(-2)) - 0. What is the greatest common divisor of i and 1?
1
Let w be (6/(-8))/((-2)/24). Suppose 9*c = -3*u + 8*c + 296, -4*u - 5*c = -391. Calculate the greatest common divisor of u and w.
9
Suppose 2*w + 6 - 106 = 0. Suppose w = 2*v - 10. Calculate the greatest common factor of v and 45.
15
Suppose 4*g = 2*g - 54. Suppose p = 4*d - 197, 4*d - 2*p - 182 = -4*p. Let w = g + d. What is the greatest common divisor of w and 3?
3
Let l be (-58)/(-18) + (-4)/18. Suppose 13 - l = y. Calculate the greatest common divisor of 20 and y.
10
Let m(d) = d**3 - 6*d**2 + 3*d - 2. Let k be m(6). Suppose -c = -3*c + 320. What is the greatest common factor of k and c?
16
Suppose 5*q - 180 + 55 = 0. What is the greatest common divisor of q and 275?
25
Let x(p) = p + 1. Let r be x(3). Suppose r*g = g + 78. Let y = -46 + 111. What is the greatest common divisor of g and y?
13
Let c(x) = x**3 - 7*x**2 + 7*x - 6. Let b = -16 + 22. Let d be c(b). Suppose -4*s + 12 = -d*s. What is the highest common factor of 3 and s?
3
Suppose -3*r + 3*y - 27 = 0, -2*r + 4*y - 28 = -0*r. Let d be -28*((-2)/r - 1). Let q be -1 + 1 - -7*3. What is the highest common divisor of q and d?
7
Let x(i) = -i**2 - 4*i - 3. Suppose 3*l + 4 = -2. Let g be x(l). Let j be (-4)/(-2) - (g + -3). Calculate the greatest common factor of j and 16.
4
Let z(o) = o + 3. Let t be z(-14). Let w(a) = a**3 + 11*a**2 - 5*a + 5. Let q be w(t). Calculate the greatest common factor of 24 and q.
12
Suppose -2*x = -6, 5*s - 3*x - 12 = 29. Let w = s + -8. What is the highest common factor of 2 and w?
2
Suppose -16 + 2 = -l. What is the highest common factor of 112 and l?
14
Let k(z) = 3*z + 132. Let s be k(-11). Let j be 1 + -5*(-2 + 0). Calculate the greatest common factor of s and j.
11
Suppose i = -n + 3, -n + 1 = -2*i - 2. What is the highest common factor of n and 2?
1
Let o(g) = -g - 6. Let q be o(-3). Suppose -5*k = 4*b, -12 = 5*k - 3*k + 4*b. Let m = q + k. Calculate the highest common factor of m and 1.
1
Let j = 35 + -24. Suppose -j*h = -10*h. Suppose -5*u - 5*z = -30, h = -5*u - 4*z + 2*z + 30. What is the highest common factor of 6 and u?
6
Suppose 5*k = 5*w - 20 - 50, 8 = -2*k. Calculate the greatest common factor of w and 70.
10
Let v = 22 - -2. What is the highest common factor of v and 8?
8
Let y = -5 + 4. Let n be (-2)/((-4)/50) + y. Calculate the highest common divisor of 12 and n.
12
Let f(i) = -i - 2. Let y(v) = -3*v - 4. Let u(z) = -10*f(z) + 4*y(z). Let g be u(-5). Let x be 0/6 - (1 + -36). What is the greatest common divisor of x and g?
7
Suppose 4*t = 3*t + 24. Calculate the highest common divisor of t and 12.
12
Let c(t) = -9*t - 15. Let z be c(-3). What is the greatest common divisor of 8 and z?
4
Let h(k) = -k**3 - k**2. Let c be h(0). Suppose 3*t + 6*p - 3*p - 27 = c, 4*p = 2*t - 18. What is the highest common divisor of t and 6?
3
Suppose -332 = -5*s + s + 5*n, 2*s + 3*n - 188 = 0. Let i be (-4 + 2)*-1*(-4)/(-1). Calculate the greatest common divisor of s and i.
8
Suppose 4*o + 66 = -142. Let k = 87 + o. What is the highest common divisor of 14 and k?
7
Let b = 104 - 64. What is the highest common divisor of b and 5?
5
Suppose 3*r + 6 = -2*q - 5, 3*q - 21 = 3*r. Let d be ((-6)/(-2) - r) + -2. Calculate the highest common divisor of 42 and d.
6
Let t = -5 + 1. Let o be (-15)/t + (-18)/24. Let z be (o + 2)*24/10. Calculate the highest common divisor of 96 and z.
12
Let b be (-3)/(3*(-2)/140). Let z(u) = -u**2 + 13*u - 8. Let j = -10 + 19. Let r be z(j). Calculate the highest common divisor of b and r.
14
Let f be -2 + (0 - 1) - 3. Let d be (24/(-5))/(f/20). Calculate the greatest common divisor of d and 64.
16
Let y be (1 + -1)*(15 + -16). Suppose -2*w + 18 - 6 = y. Suppose -48 = -0*z - 2*z. Calculate the greatest common factor of z and w.
6
Let g be -1*-1*(0 + 68). What is the highest common factor of 34 and g?
34
Let o(r) = r**2 - 6*r - 2. Let z be o(-6). What is the highest common factor of 28 and z?
14
Suppose 0 = 16*q - 12*q - 700. What is the greatest common factor of q and 35?
35
Let u(s) = -s + 12. Let i be u(-10). What is the highest common divisor of i and 22?
22
Let d be (2/(-3))/((-6)/45). Let o(w) = d*w**2 - 2*w**2 + 4*w - 2 + 0*w + 0*w. Let r be o(-4). Calculate the greatest common divisor of r and 6.
6
Let j(m) = m**3 - 10*m**2 + 10*m. Let o be j(9). Let r = 32 + -14. Let l be (9 - 6)/(2/r). What is the highest common factor of o and l?
9
Let b(d) = -d**3 - 4*d**2 - 2*d + 1. Let w be b(-3). Let n be (30*(-2 - -1))/w. Calculate the highest common factor of 5 and n.
5
Suppose -3*x + x + 90 = 5*i, i - 6 = 2*x. Calculate the highest common divisor of i and 4.
4
Suppose 4*b = 8, -5*a - 5*b + 19 + 1 = 0. Suppose 5*w - l + 0*l = 75, 0 = l. Let z be w/2 - 3/a. Calculate the highest common divisor of 24 and z.
6
Suppose -2*r + 3*k = 0, -2*r - r = 4*k - 34. What is the highest common factor of r and 30?
6
Let m = -42 + 62. Suppose 0*z + 4*z = m, 5*s - z - 45 = 0. Let d = -14 - -84. What is the highest common divisor of s and d?
10
Suppose -4*a + 132 = a - 2*v, -20 = -5*v. Suppose -d = -5*k - 63, 0*k - 4*k = 0. Let z = d - 21. What is the highest common factor of a and z?
14
Suppose -3*h - v + 4*v + 99 = 0, 5*h - 3*v = 163. What is the greatest common divisor of 48 and h?
16
Let k(i) = i**3 - 5*i**2 + 2*i. Let z be k(6). Let x be 1*5 + (-3 - 0). Suppose x*t - z = -t. What is the highest common factor of 4 and t?
4
Let q be -7*(-1 - 3*2). Let z = q - -27. Suppose -4*d + 10 - 114 = -3*n, -4*d = -2*n + z. Calculate the greatest common factor of n and 7.
7
Suppose -j - w - 12 + 95 = 0, -w = 5*j - 431. Calculate the greatest common factor of 58 and j.
29
Let y = 18 - 4. Let c be 2/8 - (-223)/4. What is the highest common factor of c and y?
14
Suppose -w - 90 + 268 = 0. Suppose 0 = -3*i + 86 + w. Calculate the highest common divisor of i and 8.
8
Let a = 9 + 8. Let g = -1 + a. Let p(x) = x**2 - 4. Let y be p(6). Calculate the highest common factor of g and y.
16
Let v(d) = 5*d - 3. Let y be v(2). What is the greatest common factor of y and 35?
7
Suppose 3*k - 7*k = -336. What is the highest common divisor of 21 and k?
21
Let o(w) = -10*w - 10. Let h be o(-7). Let r be h/8*4/6. What is the highest common factor of r and 15?
5
Let h be ((-6)/4)/(2/(-8)). Suppose -5*a + 4*a = 0. Suppose a = -5*y + 4*n + 35, 5*y - n + 0*n - 20 = 0. Calculate the greatest common divisor of h and y.
3
Suppose -3*s - 381 = -5*t, t - 86 = 3*s - 17. What is the greatest common divisor of t and 6?
6
Let o(f) = f + 1. Let v(t) = -6*t + 4. Let l(y) = -6*o(y) + 2*v(y). Let q be l(-6). What is the greatest common factor of 11 and q?
11
Let s(n) = -2*n**2 + 15*n - 2. Let u be s(7). Calculate the greatest common factor of 55 and u.
5
Let g(q) = q - 13. Let l(x) = 2*x - 25. Let n(w) = 5*g(w) - 2*l(w). Let o be n(11). Let j be o/(-10) + 2152/20. What is the greatest common factor of j and 18?
18
Let y(u) = u + 131. Let n be y(0). Suppose 5*m - 3*b - n = -29, -3*b = m - 6. Calculate the greatest common divisor of m and 144.
18
Let o(w) = -w**3 - 7*w**2 - 6*w + 3. Let z be o(-6). Let f be ((-45)/(-12) - z)*48. Calculate the greatest common factor of 24 and f.
12
Let k = 105 - 70. Suppose -k = -p - 14. What is the highest common factor of p and 105?
21
Let p = 3 - 3. Let w = 9 + p. Let d = -69 - -150. Calculate the greatest common divisor of w and d